. Let q be d(z). Suppose -a = -6*n + 3*n + q, 0 = -2*n + 3*a + 98. Is n a prime number?
False
Suppose -3*h + 100 = -j, -j - 164 = 6*h - 11*h. Suppose 2*x = 4*x - h. Is 2/8 + 1068/x a prime number?
True
Let f(c) be the first derivative of -5*c**4/12 - c**3/6 - 3*c**2/2 + 2. Let w(b) be the second derivative of f(b). Is w(-7) prime?
False
Let t = -2 - -7. Suppose -t*a - 3 = -38. Is a composite?
False
Let m = -6 - -9. Suppose 0*w - 2*s + 576 = 4*w, 4*w + m*s = 578. Is w a composite number?
True
Let d(c) = -2*c**2 - 3 + 5*c**2 + 1 + 3 - 7*c. Is d(9) composite?
False
Let z(u) = 23*u + 1. Let s be z(1). Let w = 47 - s. Is w a composite number?
False
Let r(c) = -5*c**3 + 2*c**2 - 2*c + 1. Let k be r(-3). Suppose 3*j - 549 = -3*b, -j + 0 = 2. Suppose -k = -5*a + b. Is a a prime number?
False
Is -3*1636/(-12)*(-2 - -3) prime?
True
Suppose y - 21 = -8. Let k = y + -9. Suppose -2*v = k*z - 4, -5*z + 0*z = 20. Is v a prime number?
False
Suppose 2*j - 4 = 2*c, -11 = 5*j + 5*c - 31. Suppose j*n = 3*z + 519, 0 = 3*z - 5 - 7. Is n a prime number?
False
Suppose -2*x = -224 - 1074. Is x a prime number?
False
Suppose u - 1288 = -3*u. Let o = u - 183. Is o composite?
False
Suppose -3*b + 10 = -b. Suppose b*f = 99 - 414. Let r = f + 89. Is r prime?
False
Suppose 0 = -0*w + w + k, -2*k = w - 2. Let y be -7 + 0 + (-4)/w. Let a(t) = -2*t**3 - 6*t**2 + 4*t - 1. Is a(y) composite?
False
Is -3*2694/(-9) + 6 + -5 composite?
True
Let c(b) = -32*b + 1. Let r be c(-3). Let v = -54 + r. Is v composite?
False
Let a(p) = -4*p. Let o be a(-1). Let i be 8/6 + o/6. Suppose 0 = -2*w - i, 0*w + 50 = 2*j - 4*w. Is j composite?
False
Suppose 0 = -0*o + 5*o - 805. Is o prime?
False
Let n = -18 + 9. Is (15/n)/(1/(-93)) a composite number?
True
Suppose 4*v = -5*f + 2971, 4*f + 5*v - 2372 = 3*v. Is f a prime number?
False
Let b(p) = p**2 + 4*p - 3. Let x be b(-5). Suppose -x*j = -4*j + 746. Is j a composite number?
False
Let y be 164/((1/44)/1). Is (-3)/(-5) - y/(-40) a prime number?
True
Suppose -4*r + 21 = 3*y, -4*y + 15 = 4*r - 3*y. Suppose 0*f + r*f = -x + 160, -2*f - 328 = -2*x. Suppose -4*m = -3*a + x, -m + 5*m - 131 = -3*a. Is a prime?
False
Suppose 0 = -0*b + 2*b - 2*w - 8, 3*b = 4*w + 16. Is 79/(0 - -1 - b) a prime number?
True
Suppose 106 = y - 131. Is y prime?
False
Is 5 - 2 - 8 - -424 a prime number?
True
Let q(d) be the third derivative of d**4/24 + 82*d**3/3 - d**2. Let g be q(0). Suppose f = -f + g. Is f composite?
True
Let w = 518 + -220. Is w a composite number?
True
Let y(o) = o**3 - o**2 - o. Let m be y(0). Suppose -h = -5*u - m*h + 477, h = u - 97. Is u composite?
True
Is 6/(-12) + 454/4 a composite number?
False
Let t be (-3)/(-9)*(3 - -462). Suppose 0 = 2*c + a - t, -3*c = -8*c + 2*a + 383. Is c a prime number?
False
Suppose -5*o = -0*o + 5*y - 475, 2*o - 5*y = 190. Suppose -3*b = -4*h + 22 - o, -42 = -2*b + h. Is b a prime number?
True
Let w(c) = -62*c + 3. Let j(y) be the second derivative of 62*y**3/3 - 7*y**2/2 - 3*y. Let i(r) = 2*j(r) + 5*w(r). Is i(-3) prime?
False
Let n = -544 + 359. Let z = 128 + n. Let x = 90 + z. Is x prime?
False
Suppose -5*f + 39 = 9. Let g(s) = 14*s + 3. Is g(f) a prime number?
False
Suppose 0 = -r - 4*r. Suppose 37 = g + 4*i, 0 = -g + 4*i - r*i + 69. Suppose 14 + g = m. Is m a composite number?
False
Is 1*(3 - (-3 + -185)) a prime number?
True
Let f be ((-10)/25)/((-2)/590). Suppose -3*w = -w - f. Is w a composite number?
False
Let h = 703 - 470. Suppose h = -g + 2*g. Is g prime?
True
Suppose 0 = -4*j + 275 - 63. Let d(p) = 3*p**2 - 2*p + 3. Let o be d(-3). Suppose -j = -z + o. Is z prime?
True
Suppose -3*z = -1 - 5. Is 21 - (z + (1 - 1)) a composite number?
False
Let b be 648 - (-2)/(-2)*-2. Suppose b = 7*t - 2*t. Let s = t + -47. Is s a prime number?
True
Let u = 2 + 1. Suppose -4*f + u*d = -132, -5*f + 0*f + 165 = 2*d. Is f prime?
False
Suppose -1154 = -2*w + 4*y, -5*y - 3728 = -5*w - 818. Is w composite?
False
Let q(h) = -31*h. Suppose 11 = 2*s + 3*s - 4*a, -3*s - 5*a - 23 = 0. Is q(s) a prime number?
True
Let k(u) = u - 6. Let z be k(5). Let m = z - 4. Let h = m + 26. Is h composite?
True
Suppose 4*n + 90 = 2*r, 0 = -3*r - 2*r + 4*n + 207. Is r composite?
True
Let g(x) = -x**2 + 4*x + 5. Let u be g(5). Suppose u = m - o - 204, 2*m - 194 = m + 3*o. Is m a composite number?
True
Let n(z) = -z**3 - 4*z**2 - 3*z. Let s be n(-3). Let y be 1 + (3 - s - 2). Suppose y*p = -f + 21, f + 3*p - 7 = 12. Is f a prime number?
False
Suppose 0 = -2*q + 1 + 5. Suppose 5*b - 121 = q*d + 130, 0 = 3*d + b + 263. Is 1 - d - (1 + 0) prime?
False
Suppose -5*d = -0*k + 4*k - 1719, 3*k - 5*d - 1263 = 0. Suppose -k = 5*i + 549. Is 4/5*i/(-6) a composite number?
True
Suppose 0 = 3*o - 4*b - 769, 0*o + 255 = o - b. Is o prime?
True
Let j(x) = 3*x**2 - x**3 + 92 + 2*x**3 - 2*x**2 + x. Let z be j(0). Suppose -5*k + k = -z. Is k a composite number?
False
Let f(x) = -109*x**3 + 5*x**2 + 9*x + 3. Is f(-2) a composite number?
False
Let w be 33/9 - (-2)/6. Suppose -4*g - w*h = -5*h - 21, h = -g + 4. Suppose 0 = r - g*m - 54, 3*m + 103 = 3*r - 95. Is r prime?
False
Suppose i + 4*b - 163 = 0, -3*b = 3*i - b - 439. Is i a prime number?
False
Let q(a) = a**2 + 4*a + 1. Let t be q(-9). Suppose 3*l = -3*v + 72, -2*v - t = -2*l - 6*v. Is l composite?
True
Let f = -348 - -675. Is f a prime number?
False
Suppose 4*g + 452 = 4*r, r + g + 2*g - 117 = 0. Suppose r + 60 = u. Suppose 3*i = -0*i + u. Is i prime?
False
Let r = 38 - -523. Suppose -179 = -4*c + r. Is c composite?
True
Let x = -2 + 4. Suppose x*k = 3*c + 263, -4*c = 5*k - 2*c - 629. Is k a composite number?
False
Suppose z = 3*z - 8. Suppose 2*d = -4*y + 52, z*y = 3*y - 5*d + 31. Is y prime?
True
Is 63*3 - (-12)/6 composite?
False
Let n(i) = i**3 - 1 - 4*i**2 + 6*i**2 - 3*i + 0*i**2. Let k be n(-3). Is (-5)/(-5)*(15 + k) prime?
False
Suppose 0 = 4*z + 3*z + 63. Let d = 26 - z. Is d a prime number?
False
Let g(o) = -o + 6. Let d be g(3). Suppose 0*j - 2*j + 48 = -2*v, 0 = d*j - 4*v - 73. Is j composite?
False
Suppose -2*z - 57 = -19. Let l = 1 + -5. Let d = l - z. Is d a prime number?
False
Suppose -7 + 0 = 4*y - h, 4*y - 3*h = -13. Is ((-78)/15)/(y/5) composite?
True
Is ((-1)/3)/(6/(-14778)) prime?
True
Suppose -5*n + 1 + 1 = -2*h, -n - 1 = h. Is -3*(-1 - n) - -16 composite?
False
Is (0 + -1)*-3 + 94 prime?
True
Suppose -27 = 5*b - 7, 5*b - 4485 = -5*f. Suppose h - 4*h - 1746 = 0. Let c = f + h. Is c prime?
False
Let d(i) = -45*i - 7. Let x be d(-7). Suppose 0*y - 8 = 2*y, -z + 5*y - 199 = 0. Let q = x + z. Is q prime?
True
Suppose -3*f + 350 - 1167 = 4*c, 0 = -5*f + 5*c - 1420. Let i = -161 - f. Is i a composite number?
True
Suppose -v + 4*v - 21 = 0. Let k(u) = 2*u**3 - 8*u**2 + 8*u + 5. Is k(v) prime?
False
Let p(f) = -3*f**2 - f - 1. Let x be p(4). Let d = 156 - x. Is d a prime number?
False
Let g be (-8)/(-36) + (-212)/(-18). Suppose g = -7*u + 10*u. Is u a composite number?
True
Let h = 12 - 41. Let z = -17 - h. Suppose 4*p - 44 = z. Is p prime?
False
Suppose o + 35 = -18. Let k = 75 + o. Suppose m = -7 + k. Is m prime?
False
Suppose 5*g - 567 = -4*u, 51 + 72 = g + 4*u. Is g prime?
False
Let v be (-1)/4 - 305/(-20). Suppose -5*j = -0*j - v. Suppose 17 = j*w - 46. Is w composite?
True
Let p be ((-7)/((-21)/(-6)))/1. Let m be ((-43)/4)/(p/8). Suppose -u + 4*a = -m, -2*a - 51 = u - 2*u. Is u a composite number?
False
Suppose -4*n - 2*s + 860 = -6*s, 2*s + 213 = n. Is n a composite number?
True
Suppose -h = -4*m + 295, 0 = -3*m + 4*m - 4*h - 70. Suppose -n - n + m = 0. Is n a composite number?
False
Let w(k) = k**3 - 7*k**2 + 8*k - 9. Let t be w(6). Let n(p) = 3*p - 7 - t*p + 6*p. Is n(5) composite?
False
Suppose -5*v - 6 = 4*t - 1, v = -2*t - 1. Is 4 + 29 + 2 + t composite?
True
Is (-31)/(-5 + 256/52) a composite number?
True
Let k(q) = -q**2 - 1 + 2 - 3 + 6*q. Let f be k(5). Suppose -d - f = -40. Is d a composite number?
False
Suppose 3*a = 1 + 5. Suppose q + r + 3*r + 274 = 0, 3*q + a*r = -812. Is q/(-14) - (-2)/(-7) a composite number?
False
Suppose -234 = -o - 5*b, 5*b - 342 = -5*o + 928. Is o prime?
False
Let g = 77 - 126. Let i = g + 170. Is i prime?
False
Let x(c) = c**2 - 3*c + 1. Let o(w) = w. Let z(k) = 2*o(k) + x(k). Is z(3) prime?
True
Let s(o) = -o**3 + 5*o**2 + 6*o + 7. Let j(f) = 3*f**2 - 2*f + 